ose 3*l = 440 - 179. What is the remainder when l is divided by 208/7 - (-2)/7?
27
Let b be 12/(-30) - (-24)/10. Suppose t = -0 + 3, -104 = -5*h + b*t. What is the remainder when (-4)/(-16)*4 - (-39 + -1) is divided by h?
19
Let g be -4 + 4/(-8)*22. Let k = g - -23. What is the remainder when (-1 + -25)*(-2)/4 is divided by k?
5
Suppose -489*x + 511*x = 528. Let a = 25 + 66. Suppose v = -0*v + 4, t - v = a. Calculate the remainder when t is divided by x.
23
Suppose w - 26 = -w. Suppose 0 = -j - 4*f - 17, f = 13*j - 8*j - 41. What is the remainder when w is divided by j?
6
Suppose 0 = 4*i, 5*i + 784 = -4*g - 0*i. Let z = g - -298. Calculate the remainder when z is divided by 7.
4
Let m(r) = r + 11. Let h be (-8)/(-24) + 50/(-6). Let t = 16 + -5. Calculate the remainder when t is divided by m(h).
2
Let z = 145 + -142. Suppose -3*c = 5*q - 346, z*q + 5*c = 3*c + 207. What is the remainder when q is divided by 36?
35
Suppose 2*g - 30 = 34. Let r = g - 16. Suppose -5*y = -96 + r. What is the remainder when 46 is divided by y?
14
Suppose -87*m + 2854 - 331 = 0. Calculate the remainder when 172 is divided by m.
27
Suppose -35 = -0*n + 5*n. Let a(d) = d + 7. Let b be a(n). Let p = 6 + b. Calculate the remainder when 16 is divided by p.
4
Let p(z) = -2*z. Let r(s) = 3*s**2 - 5*s + 20. What is the remainder when r(3) is divided by p(-6)?
8
Let t be (-9)/12*(-4 - 0). Suppose 66 = 4*l - t*i, -4*l = -3*l + 4*i - 26. Calculate the remainder when 68 is divided by l.
14
Let k = 81 + -26. What is the remainder when (-42 + -120)*2/(-3) is divided by k?
53
Suppose -5*k + 5*d = -275, 2*d = -7*k + 2*k + 275. Let x be ((-1)/(4/(-10))*-2)/1. Calculate the remainder when k is divided by 2 + x*(-119)/35.
17
Let q(m) = -2 + 2 - m + 10. What is the remainder when (-1)/(((-1)/4)/(208/64)) is divided by q(5)?
3
Suppose -29*i + 7*i = -396. Suppose 0*m = -n + 2*m + 66, 3*n - 190 = 2*m. Calculate the remainder when n is divided by i.
8
Suppose 8 = 4*k - 4*d - 0, 3*k + 2*d = 31. Let z = 84 + -43. Let x = z + -16. Calculate the remainder when x is divided by k.
4
Suppose 0 = -13*d + 1048 - 112. What is the remainder when 140 is divided by d?
68
Let c be 36/10*30/(-27)*6. What is the remainder when 10 is divided by c/(-84) - 80/(-14)?
4
Suppose 0 = 3*s + w - 48, -4*s + 6 = 3*w - 63. Calculate the remainder when 55 is divided by s.
10
Let m(k) = -k + 11. Calculate the remainder when 34 is divided by m(-4).
4
Let h = 870 + -832. What is the remainder when 455 is divided by h?
37
Suppose 4*j - 7 - 12 = 3*b, j + 4*b = 0. Suppose -79 = p - j*p + 4*n, -3*n = 3*p - 72. What is the remainder when 71 is divided by p?
21
Suppose -2*y + 4*u = -32, -4*y + 14 + 2 = 4*u. Let c = 134 - 88. Calculate the remainder when c is divided by y.
6
Let c = 203 + -183. Calculate the remainder when 115 is divided by c.
15
Let q(k) = -3*k**3 - 4*k**2 - 10*k - 3. Calculate the remainder when q(-3) is divided by 37.
35
Let i(x) = x - 2. Let n be i(0). Let z be -2*(-2 - (45/(-6) - -4)). Calculate the remainder when 89 is divided by n + z + 1 + 27.
20
Let x(f) = -f**3 + 10*f**2 - 7*f + 2. Let y be (-4)/34 + 59255/85 + -4. Suppose -6*s = 3*s - y. Calculate the remainder when s is divided by x(9).
17
Suppose 3*p - 68 = 5*k, 4*k - 101 - 12 = -3*p. Suppose -5*r = -406 + 121. What is the remainder when r is divided by p?
26
Let h(k) = 3*k - 12. Let d be h(10). Suppose 4 = 2*w - d. Suppose -i - 155 = -6*i. Calculate the remainder when i is divided by w.
9
Let a = 104 - 77. Suppose 21 - a = -p. Calculate the remainder when 39 is divided by p.
3
Let m(g) = -144*g - 25. Let u be m(-5). Suppose 3 = 2*n - 7. Suppose 2*w = n*j - u, 0 = -5*j - w + 373 + 337. What is the remainder when j is divided by 36?
33
Calculate the remainder when 49 is divided by 78/8*-4*2/(-6).
10
Let v be -2 - (-3)/(6/8). Let k(l) = -l**3 - 3*l**2 + l + 2. Let d be k(v). Let h = d + 30. Calculate the remainder when 38 is divided by h.
10
Let b = 14 + -11. Suppose -c = -b*c + 72. Let v = -10 + c. What is the remainder when v is divided by 9?
8
Suppose -2*h - t + 70 = 0, 21*h = 17*h + 5*t + 112. What is the remainder when 86 is divided by h?
20
Suppose 25*u + 3*h + 90 = 28*u, -2*h - 90 = -3*u. Calculate the remainder when u is divided by 16.
14
Let s(t) = t + 59. What is the remainder when s(12) is divided by 36?
35
Suppose -3*p - 21 = h + 2*h, -65 = 5*p - h. Let v = p + 14. Calculate the remainder when v is divided by 1.
0
Let o be -56 - (2/5 + 91/(-65)). Let m = -34 - o. Calculate the remainder when 56 is divided by m.
14
Suppose 2*a + 4*s - 78 = 0, -s - 14 = -a + 2*s. Suppose 5*z + 832 = 872. Calculate the remainder when a is divided by z.
5
Suppose 57*j - 4*j - 5883 = 0. Calculate the remainder when j is divided by 28.
27
Suppose -2*u + 38 + 46 = 0. What is the remainder when (u - 3) + (4 - 0) is divided by 9?
7
Suppose -2*t + 5*j + 116 = 0, -3*t + 97 + 52 = 5*j. Let g = t - 30. Suppose 0 = 3*y - 9, 2 + 22 = 3*w - 5*y. Calculate the remainder when g is divided by w.
10
Suppose 7*w - 400 = -w. Calculate the remainder when 149 is divided by w.
49
Let c(t) = t**2 + 6*t + 8. Let m be c(-4). Suppose -5*x + 250 + 190 = m. Calculate the remainder when x is divided by 10.
8
Suppose 5*f + 0*f = 4*l + 15, 5*f + 5*l - 15 = 0. Suppose f*p = -10 + 28. Calculate the remainder when 9 is divided by p.
3
Suppose 0 = -3*f - 2*f - 4*k + 65, -5*k + 25 = 0. What is the remainder when 17 is divided by f?
8
Suppose -6 = -f - f. Suppose f*t + 59 = 269. Calculate the remainder when t is divided by 18.
16
Suppose 5*s = -4*f + 548, -671 = -3*f - 2*s - 260. What is the remainder when f is divided by 46?
45
Let c = 63 + -57. Suppose -2*y = -2, c*y = -2*r + 7*y + 83. What is the remainder when r is divided by 11?
9
Suppose 64*n - 411 = -155. Suppose -135 = -4*f - 4*t + 3*t, f + 3*t = 42. What is the remainder when f is divided by n?
1
Let g(v) = -10*v - 115. Let q be (-1)/(2 - (-33)/(-15)). Suppose 5*l - 10 = 0, -3*l + 1 = q*x - 35. What is the remainder when g(-13) is divided by x?
3
Let i be 3/(-5) + 2556/60. Suppose q + 5*q = i. Suppose d = -d + 52. What is the remainder when d is divided by q?
5
Let s be (12/(-8))/3*28. Let v(n) = -n - 12. What is the remainder when 4 is divided by v(s)?
0
Let i = -16 - -41. Suppose -i*j - 144 = -27*j. What is the remainder when j is divided by 25?
22
Suppose 9 + 12 = c. Suppose -4*x + 44 = 34*v - 30*v, 5*v + 4*x - 55 = 0. What is the remainder when c is divided by v?
10
Let o = 89 - 67. Let j = -14 + o. Calculate the remainder when 15 is divided by j.
7
Suppose 0 = -0*f - f + 8. Let r(p) = -37*p - 6. Let i be r(-3). Suppose 12*b - i = 7*b. Calculate the remainder when b is divided by f.
5
Suppose 0 = -a - 1 - 0. Let q = 6 + a. Suppose 112 = q*s - 3. Calculate the remainder when 43 is divided by s.
20
What is the remainder when 219 is divided by 2/(-10)*(5 + -5 - 185)?
34
Let h(f) be the first derivative of -f**2 - 11*f - 9. Calculate the remainder when -3*-2*(-8)/(-3) is divided by h(-10).
7
Calculate the remainder when (-68)/119*742/(-4) is divided by 11.
7
Suppose -a - 2*y = 3*a - 62, 4*a - 4*y = 44. Let l = 35 - -19. What is the remainder when l is divided by a?
12
Let s(d) = d**2 - 8*d - 9. Let n be s(9). Suppose n = -10*b + 23 - 3. Calculate the remainder when 3 is divided by b.
1
Let w = 598 + -371. Calculate the remainder when 697 is divided by w.
16
Suppose 28*v = 19*v + 639. Calculate the remainder when v is divided by 25.
21
Let d(s) be the third derivative of s**6/120 - s**5/20 - s**4/6 - s**3/6 - 9*s**2. Calculate the remainder when d(6) is divided by 21.
20
Let j be 9/(45/20) + -10. Let b = 49 - j. Calculate the remainder when b is divided by 29.
26
Let r be 8/6 - (-2 - (-24)/18). Suppose 56 = 5*t - 19. Suppose r*w = w + t. Calculate the remainder when w is divided by 4.
3
Let x(t) = -t**3 - 32*t**2 + 57*t + 41. What is the remainder when x(-34) is divided by 22?
19
Suppose 3*a = 8*a - 85. What is the remainder when 100 is divided by a?
15
Suppose p + 0*p - 46 = 0. Let s = 44 - 79. Let g = s + 51. Calculate the remainder when p is divided by g.
14
Let g(k) = k**3 + 21*k**2 + 42*k + 45. What is the remainder when g(-18) is divided by 88?
85
What is the remainder when (165/495)/(2/11670) is divided by 59?
57
Let q = -22 